{"id":16,"date":"2017-07-30T22:08:25","date_gmt":"2017-07-30T20:08:25","guid":{"rendered":"http:\/\/astroriom.net\/wp1\/?page_id=16"},"modified":"2026-03-14T14:53:40","modified_gmt":"2026-03-14T13:53:40","slug":"accueil","status":"publish","type":"page","link":"https:\/\/astroriom.net\/v2\/","title":{"rendered":"Accueil"},"content":{"rendered":"\n<h1 class=\"wp-block-heading\">Bienvenue \u00e0 tous les curieux du ciel !<\/h1>\n\n\n\n<figure class=\"wp-block-image size-full\"><a href=\"https:\/\/astroriom.net\/v2\/?p=1412\"><img loading=\"lazy\" decoding=\"async\" width=\"667\" height=\"454\" src=\"https:\/\/astroriom.net\/v2\/wp-content\/uploads\/2026\/03\/image-1.png\" alt=\"\" class=\"wp-image-1422\" srcset=\"https:\/\/astroriom.net\/v2\/wp-content\/uploads\/2026\/03\/image-1.png 667w, https:\/\/astroriom.net\/v2\/wp-content\/uploads\/2026\/03\/image-1-300x204.png 300w\" sizes=\"auto, (max-width: 667px) 100vw, 667px\" \/><\/a><\/figure>\n\n\n\n<p><a href=\"https:\/\/astroriom.net\/v2\/?p=1412\" data-type=\"post\" data-id=\"1412\">Nuit de l&rsquo;\u00e9quinoxe 2026 au Cerey le samedi 21 mars \u00e0 partir de 20h.<\/a><\/p>\n\n\n\n<ul class=\"wp-block-list\">\n<li><a href=\"http:\/\/astroriom.net\/v2\/?cat=4\" data-type=\"category\" data-id=\"4\">Informations <\/a>:\n\n\n\n\n\n\n<ul class=\"wp-block-list\">\n<li>Les adresses<\/li>\n<\/ul>\n\n\n\n<ul class=\"wp-block-list\">\n<li>Quelques conseils<\/li>\n<\/ul>\n<\/li>\n\n\n\n<li><a href=\"http:\/\/astroriom.net\/v2\/?cat=2\" data-type=\"category\" data-id=\"2\">Aspects pratiques<\/a>\n<ul class=\"wp-block-list\">\n<li>Les instruments<\/li>\n\n\n\n<li>Quelques tutoriels<\/li>\n<\/ul>\n<\/li>\n\n\n\n<li><a href=\"http:\/\/astroriom.net\/v2\/?cat=9\" data-type=\"category\" data-id=\"9\">Observations<\/a>\n<ul class=\"wp-block-list\">\n<li>Premiers pas<\/li>\n\n\n\n<li>Observer les plan\u00eates, le ciel profond&#8230;<\/li>\n<\/ul>\n<\/li>\n\n\n\n<li><a href=\"http:\/\/astroriom.net\/v2\/?cat=3\" data-type=\"category\" data-id=\"3\">Contact<\/a>\n<ul class=\"wp-block-list\">\n<li>Qui sommes nous ?<\/li>\n\n\n\n<li>Que faisons nous ?<\/li>\n\n\n\n<li>Comment nous joindre ?<\/li>\n\n\n\n<li>Rester en contact par la liste de diffusion<\/li>\n<\/ul>\n<\/li>\n\n\n\n<li><a href=\"http:\/\/astroriom.net\/v2\/?cat=8\" data-type=\"category\" data-id=\"8\">Membres <\/a>(Zone priv\u00e9e)\n<ul class=\"wp-block-list\">\n<li>Compte-rendu de r\u00e9union<\/li>\n\n\n\n<li>Pr\u00e9paration des animations publiques<\/li>\n\n\n\n<li>Voyage annuel<\/li>\n\n\n\n<li>Projets d&rsquo;investissements&#8230;<\/li>\n<\/ul>\n<\/li>\n<\/ul>\n\n\n\n<p><\/p>\n","protected":false},"excerpt":{"rendered":"<p>Bienvenue \u00e0 tous les curieux du ciel ! Nuit de l&rsquo;\u00e9quinoxe 2026 au Cerey le samedi 21 mars \u00e0 partir de 20h.<\/p>\n","protected":false},"author":1,"featured_media":0,"parent":0,"menu_order":0,"comment_status":"closed","ping_status":"closed","template":"","meta":{"footnotes":""},"class_list":["post-16","page","type-page","status-publish","hentry","no-featured-image"],"_links":{"self":[{"href":"https:\/\/astroriom.net\/v2\/index.php?rest_route=\/wp\/v2\/pages\/16","targetHints":{"allow":["GET"]}}],"collection":[{"href":"https:\/\/astroriom.net\/v2\/index.php?rest_route=\/wp\/v2\/pages"}],"about":[{"href":"https:\/\/astroriom.net\/v2\/index.php?rest_route=\/wp\/v2\/types\/page"}],"author":[{"embeddable":true,"href":"https:\/\/astroriom.net\/v2\/index.php?rest_route=\/wp\/v2\/users\/1"}],"replies":[{"embeddable":true,"href":"https:\/\/astroriom.net\/v2\/index.php?rest_route=%2Fwp%2Fv2%2Fcomments&post=16"}],"version-history":[{"count":27,"href":"https:\/\/astroriom.net\/v2\/index.php?rest_route=\/wp\/v2\/pages\/16\/revisions"}],"predecessor-version":[{"id":1424,"href":"https:\/\/astroriom.net\/v2\/index.php?rest_route=\/wp\/v2\/pages\/16\/revisions\/1424"}],"wp:attachment":[{"href":"https:\/\/astroriom.net\/v2\/index.php?rest_route=%2Fwp%2Fv2%2Fmedia&parent=16"}],"curies":[{"name":"wp","href":"https:\/\/api.w.org\/{rel}","templated":true}]}}